{"id":73,"date":"2024-09-18T16:04:10","date_gmt":"2024-09-18T14:04:10","guid":{"rendered":"https:\/\/muay-thai-mma-lognes.fr\/?page_id=73"},"modified":"2024-09-18T16:04:10","modified_gmt":"2024-09-18T14:04:10","slug":"mma-kids","status":"publish","type":"page","link":"https:\/\/muay-thai-mma-lognes.fr\/index.php\/mma-kids\/","title":{"rendered":"MMA KIDS"},"content":{"rendered":"\n<h1 class=\"wp-block-heading\">MMA KIDS<\/h1>\n\n\n\n<h2 class=\"wp-block-heading\">DES S\u00c9ANCES DE MMA KIDS AU MML<\/h2>\n\n\n\n<p>\u00e0 partir de 8ans, dans une ambiance ludique o\u00f9 l\u2019on est plus \u00ab\u00a0partenaire\u00a0\u00bb que \u00ab\u00a0adversaire\u00a0\u00bb, vos enfants apprendront des techniques d\u2019arts martiaux mixtes tout en s\u2019amusant.<br><br><br><strong>\u00a0Des entrainements complets<\/strong><br><br>Lors de nos cours de MMA KIDS votre enfant travaillera sa motricit\u00e9, sa coordination, sa force, son agilit\u00e9, ses r\u00e9flexes et \u00e9galement sa concentration par le biais de l\u2019apprentissage de techniques de MMA, de jeux d\u2019opposition et d\u2019exercices de renforcement ludique.<br><br><br><strong>\u00a0Se d\u00e9fouler tout en g\u00e9rant ses \u00e9motions<\/strong><br><br>Au-del\u00e0\u0300 des bienfaits physiques, le MMA apaise le mental et amen\u00e9 au contr\u00f4le de soi. Lors de nos s\u00e9ances de MMA KIDS, votre enfant canalisera son \u00e9nergie tout en se d\u00e9foulant et en s\u2019amusant.<br><br><strong>\u00a0L\u2019apprentissage de valeurs morales<\/strong><br><br>Le MMA est avant tout un sport de valeurs : respect, modestie, contr\u00f4le de soi, rigueur, acceptation de l\u2019\u00e9chec, capacit\u00e9 de remise en question &#8230;<br>Des valeurs que nous tenons \u00e0 inculquer \u00e0 tous nos adh\u00e9rents, du plus au moins jeune.<br><br>Que votre enfant soit introverti ou au contraire, d\u00e9borde d\u2019\u00e9nergie le MMA est fait pour lui !<\/p>\n\n\n\n<p><\/p>\n","protected":false},"excerpt":{"rendered":"<p>MMA KIDS DES S\u00c9ANCES DE MMA KIDS AU MML \u00e0 partir de 8ans, dans une ambiance ludique o\u00f9 l\u2019on est [&hellip;]<\/p>\n","protected":false},"author":1,"featured_media":0,"parent":0,"menu_order":0,"comment_status":"closed","ping_status":"closed","template":"","meta":{"site-sidebar-layout":"default","site-content-layout":"","ast-site-content-layout":"","site-content-style":"default","site-sidebar-style":"default","ast-global-header-display":"","ast-banner-title-visibility":"","ast-main-header-display":"","ast-hfb-above-header-display":"","ast-hfb-below-header-display":"","ast-hfb-mobile-header-display":"","site-post-title":"","ast-breadcrumbs-content":"","ast-featured-img":"","footer-sml-layout":"","theme-transparent-header-meta":"","adv-header-id-meta":"","stick-header-meta":"","header-above-stick-meta":"","header-main-stick-meta":"","header-below-stick-meta":"","astra-migrate-meta-layouts":"default","ast-page-background-enabled":"default","ast-page-background-meta":{"desktop":{"background-color":"var(--ast-global-color-4)","background-image":"","background-repeat":"repeat","background-position":"center center","background-size":"auto","background-attachment":"scroll","background-type":"","background-media":"","overlay-type":"","overlay-color":"","overlay-opacity":"","overlay-gradient":""},"tablet":{"background-color":"","background-image":"","background-repeat":"repeat","background-position":"center center","background-size":"auto","background-attachment":"scroll","background-type":"","background-media":"","overlay-type":"","overlay-color":"","overlay-opacity":"","overlay-gradient":""},"mobile":{"background-color":"","background-image":"","background-repeat":"repeat","background-position":"center center","background-size":"auto","background-attachment":"scroll","background-type":"","background-media":"","overlay-type":"","overlay-color":"","overlay-opacity":"","overlay-gradient":""}},"ast-content-background-meta":{"desktop":{"background-color":"var(--ast-global-color-5)","background-image":"","background-repeat":"repeat","background-position":"center center","background-size":"auto","background-attachment":"scroll","background-type":"","background-media":"","overlay-type":"","overlay-color":"","overlay-opacity":"","overlay-gradient":""},"tablet":{"background-color":"var(--ast-global-color-5)","background-image":"","background-repeat":"repeat","background-position":"center center","background-size":"auto","background-attachment":"scroll","background-type":"","background-media":"","overlay-type":"","overlay-color":"","overlay-opacity":"","overlay-gradient":""},"mobile":{"background-color":"var(--ast-global-color-5)","background-image":"","background-repeat":"repeat","background-position":"center center","background-size":"auto","background-attachment":"scroll","background-type":"","background-media":"","overlay-type":"","overlay-color":"","overlay-opacity":"","overlay-gradient":""}},"footnotes":""},"class_list":["post-73","page","type-page","status-publish","hentry"],"_links":{"self":[{"href":"https:\/\/muay-thai-mma-lognes.fr\/index.php\/wp-json\/wp\/v2\/pages\/73","targetHints":{"allow":["GET"]}}],"collection":[{"href":"https:\/\/muay-thai-mma-lognes.fr\/index.php\/wp-json\/wp\/v2\/pages"}],"about":[{"href":"https:\/\/muay-thai-mma-lognes.fr\/index.php\/wp-json\/wp\/v2\/types\/page"}],"author":[{"embeddable":true,"href":"https:\/\/muay-thai-mma-lognes.fr\/index.php\/wp-json\/wp\/v2\/users\/1"}],"replies":[{"embeddable":true,"href":"https:\/\/muay-thai-mma-lognes.fr\/index.php\/wp-json\/wp\/v2\/comments?post=73"}],"version-history":[{"count":2,"href":"https:\/\/muay-thai-mma-lognes.fr\/index.php\/wp-json\/wp\/v2\/pages\/73\/revisions"}],"predecessor-version":[{"id":91,"href":"https:\/\/muay-thai-mma-lognes.fr\/index.php\/wp-json\/wp\/v2\/pages\/73\/revisions\/91"}],"wp:attachment":[{"href":"https:\/\/muay-thai-mma-lognes.fr\/index.php\/wp-json\/wp\/v2\/media?parent=73"}],"curies":[{"name":"wp","href":"https:\/\/api.w.org\/{rel}","templated":true}]}}